{"id":5,"date":"2023-04-16T10:40:50","date_gmt":"2023-04-16T08:40:50","guid":{"rendered":"http:\/\/wordpress.schwenk-it.de\/?page_id=5"},"modified":"2023-04-17T15:32:39","modified_gmt":"2023-04-17T13:32:39","slug":"start","status":"publish","type":"page","link":"https:\/\/wordpress.schwenk-it.de\/","title":{"rendered":"Start"},"content":{"rendered":"\r\n<p style=\"text-align: center;\"><img loading=\"lazy\" decoding=\"async\" class=\"alignnone wp-image-21\" src=\"http:\/\/wordpress.schwenk-it.de\/wp-content\/uploads\/2023\/04\/header_cyberforum-1024x284.jpg\" alt=\"\" width=\"502\" height=\"139\" srcset=\"https:\/\/wordpress.schwenk-it.de\/wp-content\/uploads\/2023\/04\/header_cyberforum-1024x284.jpg 1024w, https:\/\/wordpress.schwenk-it.de\/wp-content\/uploads\/2023\/04\/header_cyberforum-300x83.jpg 300w, https:\/\/wordpress.schwenk-it.de\/wp-content\/uploads\/2023\/04\/header_cyberforum-768x213.jpg 768w, https:\/\/wordpress.schwenk-it.de\/wp-content\/uploads\/2023\/04\/header_cyberforum-1536x426.jpg 1536w, https:\/\/wordpress.schwenk-it.de\/wp-content\/uploads\/2023\/04\/header_cyberforum.jpg 1920w\" sizes=\"auto, (max-width: 502px) 100vw, 502px\" \/><\/p>\r\n<p style=\"text-align: center;\"><strong>Lieber Besucher, wir arbeiten an unserer neuen Webpr\u00e4senz,<\/strong><br \/><strong>daher vor\u00fcbergehend nur in K\u00fcrze:<\/strong><\/p>\r\n<p style=\"text-align: center;\">Wir haben uns auf IT-Netzwerke und die spezifische Software an Schulen spezialisiert.<\/p>\r\n<p style=\"text-align: center;\">Wir liefern Hard- und Software, richten entsprechend der L\u00e4nder- und Datenschutzvorgaben zielgruppenspezifisch<br \/>getrennte und gesch\u00fctzte Netze ein, verteilen Software und \u00fcbernehmen den Support \u2013 via Fernwartung oder vor Ort.<\/p>\r\n<p style=\"text-align: center;\">Ob Zugriffsrechte, WLAN, Einbindung von Druckern, Smartboards und mobilen Endger\u00e4ten, Arbeiten in der Cloud,<br \/>Backup &#8230; Das Infrastruktur-Konzept passen wir Ihrem Medienkonzept und den \u00f6rtlichen Gegebenheiten an \u2013<br \/>damit die von Ihnen gew\u00e4hlten Medien und Anwendungen dort verf\u00fcgbar sind, wo sie ben\u00f6tigt werden.<\/p>\r\n<p style=\"text-align: center;\">Kontaktieren Sie uns gerne unter<\/p>\r\n<p style=\"text-align: center;\"><strong>Schwenk IT GmbH<\/strong><\/p>\r\n<p style=\"text-align: center;\">Bannwaldallee 46, <strong>76185 Karlsruhe<\/strong>, Tel. 0721-480720<\/p>\r\n<p style=\"text-align: center;\">Friedrich der Gro\u00dfe 70, <strong>44628 Herne<\/strong>, Tel. 02323-9938690<\/p>\r\n<p style=\"text-align: center;\"><a href=\"mailto:info@schwenk-it.de\">info@schwenk-it.de<\/a><\/p>\r\n<p style=\"text-align: center;\">Qualifizierter Schulnetzh\u00e4ndler paedML\u00ae<\/p>\r\n<p style=\"text-align: center;\"><img loading=\"lazy\" decoding=\"async\" class=\"size-medium wp-image-22\" src=\"http:\/\/wordpress.schwenk-it.de\/wp-content\/uploads\/2023\/04\/logo_web.jpg\" alt=\"\" width=\"270\" height=\"90\" \/><\/p>\r\n<p><span style=\"font-family: Verdana;\"><\/span><\/p>","protected":false},"excerpt":{"rendered":"<p>Lieber Besucher, wir arbeiten an unserer neuen Webpr\u00e4senz,daher vor\u00fcbergehend nur in K\u00fcrze: Wir haben uns auf IT-Netzwerke und die spezifische Software an Schulen spezialisiert. Wir liefern Hard- und Software, richten entsprechend der L\u00e4nder- und Datenschutzvorgaben zielgruppenspezifischgetrennte und gesch\u00fctzte Netze ein, verteilen Software und \u00fcbernehmen den Support \u2013 via Fernwartung oder vor Ort. Ob Zugriffsrechte, WLAN, &#8230; <a title=\"Start\" class=\"read-more\" href=\"https:\/\/wordpress.schwenk-it.de\/\" aria-label=\"Mehr dazu unter Start\">Weiterlesen<\/a><\/p>\n","protected":false},"author":1,"featured_media":0,"parent":0,"menu_order":0,"comment_status":"closed","ping_status":"closed","template":"blank","meta":{"footnotes":""},"class_list":["post-5","page","type-page","status-publish"],"_links":{"self":[{"href":"https:\/\/wordpress.schwenk-it.de\/index.php\/wp-json\/wp\/v2\/pages\/5","targetHints":{"allow":["GET"]}}],"collection":[{"href":"https:\/\/wordpress.schwenk-it.de\/index.php\/wp-json\/wp\/v2\/pages"}],"about":[{"href":"https:\/\/wordpress.schwenk-it.de\/index.php\/wp-json\/wp\/v2\/types\/page"}],"author":[{"embeddable":true,"href":"https:\/\/wordpress.schwenk-it.de\/index.php\/wp-json\/wp\/v2\/users\/1"}],"replies":[{"embeddable":true,"href":"https:\/\/wordpress.schwenk-it.de\/index.php\/wp-json\/wp\/v2\/comments?post=5"}],"version-history":[{"count":12,"href":"https:\/\/wordpress.schwenk-it.de\/index.php\/wp-json\/wp\/v2\/pages\/5\/revisions"}],"predecessor-version":[{"id":27,"href":"https:\/\/wordpress.schwenk-it.de\/index.php\/wp-json\/wp\/v2\/pages\/5\/revisions\/27"}],"wp:attachment":[{"href":"https:\/\/wordpress.schwenk-it.de\/index.php\/wp-json\/wp\/v2\/media?parent=5"}],"curies":[{"name":"wp","href":"https:\/\/api.w.org\/{rel}","templated":true}]}}